{"id":154,"date":"2018-11-17T16:01:33","date_gmt":"2018-11-17T16:01:33","guid":{"rendered":"https:\/\/nathal-bern.ch\/?page_id=154"},"modified":"2024-10-23T14:26:13","modified_gmt":"2024-10-23T14:26:13","slug":"seminar-aufbau-4","status":"publish","type":"page","link":"https:\/\/nathal-bern.ch\/?page_id=154","title":{"rendered":"Seminar Aufbau 4"},"content":{"rendered":"<p><strong>NATHAL\u00ae-Seminar Aufbau 4 (4 Tage)<\/strong><\/p>\n<h2><span style=\"color: #339966;\">Thermik: W\u00e4rme, K\u00e4lte, neue Empfindungen<\/span><\/h2>\n<p>Dass unser K\u00f6rper seine Temperatur regulieren kann, wissen wir. Dass dieser Prozess jedoch absichtsvoll kontrolliert werden kann und neuartige emotionale Zust\u00e4nde erm\u00f6glicht, ist weitgehend unbekannt.<\/p>\n<p>Die NATHAL\u00ae-Thermik-\u00dcbungen haben zum Ziel ein h\u00f6heres Aufnahmeverm\u00f6gen f\u00fcr Informationen, Energien und Gef\u00fchle zu erzeugen. H\u00f6here W\u00e4rme in bestimmten K\u00f6rperregionen erm\u00f6glicht z.B. die F\u00e4higkeit, schnellere Abl\u00e4ufe wahrzunehmen. K\u00e4lte hingegen erm\u00f6glicht, Gef\u00fchle zu dosieren und Behandlungen zu \u201eertragen\u201c, die man sonst ablehnen w\u00fcrde, oder die sonst zu intensiv w\u00e4ren. Wie in allen NATHAL\u00ae-\u00dcbungen geschieht auch dies nat\u00fcrlich zum Zweck der pers\u00f6nlichen Weiterentwicklung und des Informationstransfers.<\/p>\n<p>Beispielsweise k\u00f6nnen Teilnehmende auf dem Gebiet \u201eMathematik\u201c eine Lernblockade haben, weil sie die Themen innerlich ablehnen. Durch die dosierte K\u00e4lte kommen sie jedoch in einen Zustand, der sie von ihren ablehnenden Gef\u00fchlen distanziert, so dass sie diese mit Gelassenheit betrachten k\u00f6nnen. Dadurch k\u00f6nnen sie die Ursache ihrer Blockade erkennen und aufl\u00f6sen. Man bleibt also auch bei schwierigen Themen buchst\u00e4blich \u201ecool\u201c.<\/p>\n<p>Abgerundet wird das Seminarprogramm durch \u00dcbungen, in denen die durch die thermischen Empfindungen neu erlernte Aufnahmef\u00e4higkeit angewandt wird. So lernen die Teilnehmenden, sich in Menschen aus anderen Kulturen zu versetzen und sich durch starke kosmische Energien behandeln zu lassen.<\/p>\n<p>4 Tage &#8211; Kosten: 980.- Fr<\/p>\n<p>&nbsp;<\/p>\n<p><img loading=\"lazy\" decoding=\"async\" class=\"wp-image-311 alignleft\" src=\"https:\/\/nathal-bern.ch\/wp-content\/uploads\/2018\/10\/IMG_0957-Arbeitskopie-3-300x225.jpg\" alt=\"\" width=\"788\" height=\"591\" srcset=\"https:\/\/nathal-bern.ch\/wp-content\/uploads\/2018\/10\/IMG_0957-Arbeitskopie-3-300x225.jpg 300w, https:\/\/nathal-bern.ch\/wp-content\/uploads\/2018\/10\/IMG_0957-Arbeitskopie-3-768x576.jpg 768w, https:\/\/nathal-bern.ch\/wp-content\/uploads\/2018\/10\/IMG_0957-Arbeitskopie-3-1024x768.jpg 1024w\" sizes=\"auto, (max-width: 788px) 100vw, 788px\" \/><\/p>\n","protected":false},"excerpt":{"rendered":"<p>NATHAL\u00ae-Seminar Aufbau 4 (4 Tage) Thermik: W\u00e4rme, K\u00e4lte, neue Empfindungen Dass unser K\u00f6rper seine Temperatur regulieren kann, wissen wir. Dass[&#8230;]<\/p>\n","protected":false},"author":1,"featured_media":0,"parent":43,"menu_order":0,"comment_status":"closed","ping_status":"closed","template":"","meta":{"_exactmetrics_skip_tracking":false,"_exactmetrics_sitenote_active":false,"_exactmetrics_sitenote_note":"","_exactmetrics_sitenote_category":0,"footnotes":""},"class_list":["post-154","page","type-page","status-publish","hentry"],"_links":{"self":[{"href":"https:\/\/nathal-bern.ch\/index.php?rest_route=\/wp\/v2\/pages\/154","targetHints":{"allow":["GET"]}}],"collection":[{"href":"https:\/\/nathal-bern.ch\/index.php?rest_route=\/wp\/v2\/pages"}],"about":[{"href":"https:\/\/nathal-bern.ch\/index.php?rest_route=\/wp\/v2\/types\/page"}],"author":[{"embeddable":true,"href":"https:\/\/nathal-bern.ch\/index.php?rest_route=\/wp\/v2\/users\/1"}],"replies":[{"embeddable":true,"href":"https:\/\/nathal-bern.ch\/index.php?rest_route=%2Fwp%2Fv2%2Fcomments&post=154"}],"version-history":[{"count":13,"href":"https:\/\/nathal-bern.ch\/index.php?rest_route=\/wp\/v2\/pages\/154\/revisions"}],"predecessor-version":[{"id":1432,"href":"https:\/\/nathal-bern.ch\/index.php?rest_route=\/wp\/v2\/pages\/154\/revisions\/1432"}],"up":[{"embeddable":true,"href":"https:\/\/nathal-bern.ch\/index.php?rest_route=\/wp\/v2\/pages\/43"}],"wp:attachment":[{"href":"https:\/\/nathal-bern.ch\/index.php?rest_route=%2Fwp%2Fv2%2Fmedia&parent=154"}],"curies":[{"name":"wp","href":"https:\/\/api.w.org\/{rel}","templated":true}]}}