{"id":162,"date":"2018-11-17T16:13:10","date_gmt":"2018-11-17T16:13:10","guid":{"rendered":"https:\/\/nathal-bern.ch\/?page_id=162"},"modified":"2024-10-23T13:44:09","modified_gmt":"2024-10-23T13:44:09","slug":"spezialseminar-zellerneuerung","status":"publish","type":"page","link":"https:\/\/nathal-bern.ch\/?page_id=162","title":{"rendered":"Spezialseminar Zellerneuerung"},"content":{"rendered":"<h1><span style=\"color: #339966;\"><b>NATHAL\u00ae-Seminar Zellerneuerung (5 Tage)<\/b><\/span><\/h1>\n<h4><span style=\"color: #339966;\">Aktivieren Sie die Sehnsucht Ihrer Zellen nach Heilsein<\/span><\/h4>\n<p>Den Traum von ewiger Jugend k\u00f6nnen auch wir noch nicht erf\u00fcllen. Trotzdem k\u00f6nnen Sie mit den NATHAL\u00ae-\u00dcbungen in diesem Seminar einen Schritt in diese Richtung gehen!<\/p>\n<p>Die \u00dcbungen des Seminars \u201eZellerneuerung\u201c greifen auf energetischer und spiritueller Ebene in den menschlichen Organismus ein. Dabei werden s\u00e4mtliche Aspekte des geistigen Entwicklungsstandes, des Gef\u00fchlslebens und der Gehirnaktivit\u00e4t ber\u00fccksichtigt und gef\u00f6rdert.<\/p>\n<p>Etwaige Blockaden auf geistiger oder energetischer Ebene werden zun\u00e4chst gel\u00f6scht. Dann werden neue Gl\u00fccksgef\u00fchle erlebt, als Voraussetzung f\u00fcr einen gesteigerten Lebenswillen. Dann schlie\u00dfen sich \u00dcbungen an, in denen bioenergetische Lichtstrahlung (Biophotonen) in hoher Intensit\u00e4t in den K\u00f6rper geleitet wird. Die Teilnehmenden erleben dies als teilweise extreme innere Helligkeit. Schlie\u00dflich wird der K\u00f6rper in der Zeit selbst versetzt, um die Gef\u00fchle und Funktionszusammenh\u00e4nge eines h\u00f6heren Evolutionszustandes auf zellul\u00e4rer Ebene zu erfahren.<\/p>\n<p>Beugen Sie dem Alterungsprozess vor und aktivieren Sie die bislang ungenutzten Gehirnanteile, um zuk\u00fcnftige Krankheiten, Leere und Langeweile zu meiden!<br \/>\nLicht ist die eigentliche \u201eunsichtbare Nahrung\u201c unserer Zellen. Sie ist der entscheidende Faktor bei der Umwandlung und Assimilation der materiellen Nahrung und aller k\u00f6rperlichen Aufbauprozesse. F\u00f6rdern Sie die Sehnsucht Ihrer Zellen und f\u00fchren Sie sich die spirituelle Essenz des Lichts in h\u00f6chster Dosierung zu. \u00d6ffnen Sie sich dem g\u00f6ttlichen Funken und leiten Sie ihn direkt in den physischen K\u00f6rper!<\/p>\n<p>Nutzen Sie die &#8222;innewohnende Intelligenz&#8220; Ihres K\u00f6rpers, das bewusste, soziale, koordinierte und \u00f6konomische Zusammenspiel der Biochemie Ihrer Zellen, um durch gesteigerte Kooperation h\u00f6chste Bewusstheit und eine stabilere Aktivit\u00e4t des Lebensprinzips zu erreichen.<\/p>\n<p>Erleben Sie gesteigertes k\u00f6rperliches Wohlbefinden, eine bessere Kommunikation mit dem eigenen K\u00f6rper, und langfristig eine Verlangsamung des Alterungsprozesses. Wecken Sie in sich neue Lebensenergie, gehen Sie mit neuem Schwung in den Alltag!<\/p>\n<p>5 Tage \u2013 Kosten: 1500.- Fr<\/p>\n<p><img loading=\"lazy\" decoding=\"async\" class=\"wp-image-365 alignleft\" src=\"https:\/\/nathal-bern.ch\/wp-content\/uploads\/2018\/10\/IMG_9185-300x200.jpeg\" alt=\"\" width=\"446\" height=\"297\" srcset=\"https:\/\/nathal-bern.ch\/wp-content\/uploads\/2018\/10\/IMG_9185-300x200.jpeg 300w, https:\/\/nathal-bern.ch\/wp-content\/uploads\/2018\/10\/IMG_9185-768x512.jpeg 768w, https:\/\/nathal-bern.ch\/wp-content\/uploads\/2018\/10\/IMG_9185-1024x683.jpeg 1024w, https:\/\/nathal-bern.ch\/wp-content\/uploads\/2018\/10\/IMG_9185-840x560.jpeg 840w, https:\/\/nathal-bern.ch\/wp-content\/uploads\/2018\/10\/IMG_9185-120x80.jpeg 120w, https:\/\/nathal-bern.ch\/wp-content\/uploads\/2018\/10\/IMG_9185-360x240.jpeg 360w, https:\/\/nathal-bern.ch\/wp-content\/uploads\/2018\/10\/IMG_9185-600x400.jpeg 600w\" sizes=\"auto, (max-width: 446px) 100vw, 446px\" \/><\/p>\n<p><img loading=\"lazy\" decoding=\"async\" class=\"size-medium wp-image-319 alignright\" src=\"https:\/\/nathal-bern.ch\/wp-content\/uploads\/2018\/10\/DSCF7288-294x300.jpg\" alt=\"\" width=\"294\" height=\"300\" srcset=\"https:\/\/nathal-bern.ch\/wp-content\/uploads\/2018\/10\/DSCF7288-294x300.jpg 294w, https:\/\/nathal-bern.ch\/wp-content\/uploads\/2018\/10\/DSCF7288-768x783.jpg 768w, https:\/\/nathal-bern.ch\/wp-content\/uploads\/2018\/10\/DSCF7288-1004x1024.jpg 1004w\" sizes=\"auto, (max-width: 294px) 100vw, 294px\" \/><\/p>\n","protected":false},"excerpt":{"rendered":"<p>NATHAL\u00ae-Seminar Zellerneuerung (5 Tage) Aktivieren Sie die Sehnsucht Ihrer Zellen nach Heilsein Den Traum von ewiger Jugend k\u00f6nnen auch wir[&#8230;]<\/p>\n","protected":false},"author":1,"featured_media":0,"parent":41,"menu_order":0,"comment_status":"closed","ping_status":"closed","template":"","meta":{"_exactmetrics_skip_tracking":false,"_exactmetrics_sitenote_active":false,"_exactmetrics_sitenote_note":"","_exactmetrics_sitenote_category":0,"footnotes":""},"class_list":["post-162","page","type-page","status-publish","hentry"],"_links":{"self":[{"href":"https:\/\/nathal-bern.ch\/index.php?rest_route=\/wp\/v2\/pages\/162","targetHints":{"allow":["GET"]}}],"collection":[{"href":"https:\/\/nathal-bern.ch\/index.php?rest_route=\/wp\/v2\/pages"}],"about":[{"href":"https:\/\/nathal-bern.ch\/index.php?rest_route=\/wp\/v2\/types\/page"}],"author":[{"embeddable":true,"href":"https:\/\/nathal-bern.ch\/index.php?rest_route=\/wp\/v2\/users\/1"}],"replies":[{"embeddable":true,"href":"https:\/\/nathal-bern.ch\/index.php?rest_route=%2Fwp%2Fv2%2Fcomments&post=162"}],"version-history":[{"count":12,"href":"https:\/\/nathal-bern.ch\/index.php?rest_route=\/wp\/v2\/pages\/162\/revisions"}],"predecessor-version":[{"id":1417,"href":"https:\/\/nathal-bern.ch\/index.php?rest_route=\/wp\/v2\/pages\/162\/revisions\/1417"}],"up":[{"embeddable":true,"href":"https:\/\/nathal-bern.ch\/index.php?rest_route=\/wp\/v2\/pages\/41"}],"wp:attachment":[{"href":"https:\/\/nathal-bern.ch\/index.php?rest_route=%2Fwp%2Fv2%2Fmedia&parent=162"}],"curies":[{"name":"wp","href":"https:\/\/api.w.org\/{rel}","templated":true}]}}