{"id":172,"date":"2018-11-17T16:09:11","date_gmt":"2018-11-17T16:09:11","guid":{"rendered":"https:\/\/nathal-bern.ch\/?page_id=172"},"modified":"2024-07-17T10:51:39","modified_gmt":"2024-07-17T10:51:39","slug":"spezialseminar-beruf-und-berufung","status":"publish","type":"page","link":"https:\/\/nathal-bern.ch\/?page_id=172","title":{"rendered":"Spezialseminar Beruf und Berufung"},"content":{"rendered":"<h2><span style=\"color: #339966;\"><b>NATHAL\u00ae-Seminar <\/b><b>Beruf und Berufung (5 Tage)<\/b><\/span><\/h2>\n<p>In den \u00dcbungen erhalten die Teilnehmenden einen Zugang in sinnliche Wahrnehmungen, die sowohl f\u00fcr das intellektuelle wie auch das kreative Wachstum notwendig sind. Viele Menschen glauben, dass nur das rationale Denken im Berufsleben von Vorteil sei. Effektiv sind aber, und dies auch in wirtschaftlichen wie in sozialen und anderen Berufsbereichen, F\u00e4higkeiten gefragt, die nicht nur im kognitiven Bereich gr\u00fcnden.<\/p>\n<p>Durch dieses Seminar werden verbesserte Wahrnehmungen des Lebensgef\u00fchls, mehr Einf\u00fchlungsverm\u00f6gen und Entscheidungsf\u00e4higkeit auch in scheinbar un\u00fcberschaubaren Situationen erzielt.<span class=\"apple-converted-space\">\u00a0<\/span><br \/>\nPhantasie, Empathie oder das Gesp\u00fcr f\u00fcr komplexe Situationen sind gefragt und werden vertieft. Die <span lang=\"DE\">NATHAL\u00ae &#8211; Methode <\/span>ist Quelle f\u00fcr Kreativit\u00e4t, f\u00f6rdert pers\u00f6nliche und soziale Berufskompetenzen und individuelle Begabungen.<\/p>\n<p>Die Teilnehmenden erhalten Werkzeuge, die in verschiedensten Situationen gezielt praktisch umgesetzt werden k\u00f6nnen: Im Privaten wie im Beruf, f\u00fcr neue Informationsgewinnung und Therapie, genauso wie f\u00fcr Forschung und Entwicklung in Grenzbereichen. Alles wird genau abgestimmt auf diejenige Person, die fragt und etwas umsetzen will. Die Zukunft ist zunehmend kein Zufallsergebnis mehr, da die Seminarteilnehmenden ihrer Entwicklung gem\u00e4\u00df in Frequenzbereiche vorstossen k\u00f6nnen, die neue Informationen zur Verf\u00fcgung stellen.<\/p>\n<p>Die berufliche T\u00e4tigkeit kann dadurch effizienter und stressfreier gestaltet werden. Eigenes Potenzial wird vermehrt erkannt und ausgesch\u00f6pft. Man erf\u00e4hrt Begabungen, die nicht bewusst waren und lernt diese einzusetzen. Ein Gef\u00fchl von mehr Ausgeglichenheit und Harmonie entsteht.<\/p>\n<p>5 Tage &#8211; Kosten: 1500.- Fr<\/p>\n<p>&nbsp;<\/p>\n<p><img loading=\"lazy\" decoding=\"async\" class=\"wp-image-333 alignleft\" src=\"https:\/\/nathal-bern.ch\/wp-content\/uploads\/2018\/10\/DSCF6970-300x300.jpeg\" alt=\"\" width=\"602\" height=\"602\" srcset=\"https:\/\/nathal-bern.ch\/wp-content\/uploads\/2018\/10\/DSCF6970-300x300.jpeg 300w, https:\/\/nathal-bern.ch\/wp-content\/uploads\/2018\/10\/DSCF6970-150x150.jpeg 150w, https:\/\/nathal-bern.ch\/wp-content\/uploads\/2018\/10\/DSCF6970-768x768.jpeg 768w, https:\/\/nathal-bern.ch\/wp-content\/uploads\/2018\/10\/DSCF6970-1024x1024.jpeg 1024w\" sizes=\"auto, (max-width: 602px) 100vw, 602px\" \/><\/p>\n","protected":false},"excerpt":{"rendered":"<p>NATHAL\u00ae-Seminar Beruf und Berufung (5 Tage) In den \u00dcbungen erhalten die Teilnehmenden einen Zugang in sinnliche Wahrnehmungen, die sowohl f\u00fcr[&#8230;]<\/p>\n","protected":false},"author":1,"featured_media":0,"parent":41,"menu_order":0,"comment_status":"closed","ping_status":"closed","template":"","meta":{"_exactmetrics_skip_tracking":false,"_exactmetrics_sitenote_active":false,"_exactmetrics_sitenote_note":"","_exactmetrics_sitenote_category":0,"footnotes":""},"class_list":["post-172","page","type-page","status-publish","hentry"],"_links":{"self":[{"href":"https:\/\/nathal-bern.ch\/index.php?rest_route=\/wp\/v2\/pages\/172","targetHints":{"allow":["GET"]}}],"collection":[{"href":"https:\/\/nathal-bern.ch\/index.php?rest_route=\/wp\/v2\/pages"}],"about":[{"href":"https:\/\/nathal-bern.ch\/index.php?rest_route=\/wp\/v2\/types\/page"}],"author":[{"embeddable":true,"href":"https:\/\/nathal-bern.ch\/index.php?rest_route=\/wp\/v2\/users\/1"}],"replies":[{"embeddable":true,"href":"https:\/\/nathal-bern.ch\/index.php?rest_route=%2Fwp%2Fv2%2Fcomments&post=172"}],"version-history":[{"count":10,"href":"https:\/\/nathal-bern.ch\/index.php?rest_route=\/wp\/v2\/pages\/172\/revisions"}],"predecessor-version":[{"id":1396,"href":"https:\/\/nathal-bern.ch\/index.php?rest_route=\/wp\/v2\/pages\/172\/revisions\/1396"}],"up":[{"embeddable":true,"href":"https:\/\/nathal-bern.ch\/index.php?rest_route=\/wp\/v2\/pages\/41"}],"wp:attachment":[{"href":"https:\/\/nathal-bern.ch\/index.php?rest_route=%2Fwp%2Fv2%2Fmedia&parent=172"}],"curies":[{"name":"wp","href":"https:\/\/api.w.org\/{rel}","templated":true}]}}

<h2><span style="color: #339966;"><b>NATHAL®-Seminar </b><b>Beruf und Berufung (5 Tage)</b></span></h2>
<p>In den Übungen erhalten die Teilnehmenden einen Zugang in sinnliche Wahrnehmungen, die sowohl für das intellektuelle wie auch das kreative Wachstum notwendig sind. Viele Menschen glauben, dass nur das rationale Denken im Berufsleben von Vorteil sei. Effektiv sind aber, und dies auch in wirtschaftlichen wie in sozialen und anderen Berufsbereichen, Fähigkeiten gefragt, die nicht nur im kognitiven Bereich gründen.</p>
<p>Durch dieses Seminar werden verbesserte Wahrnehmungen des Lebensgefühls, mehr Einfühlungsvermögen und Entscheidungsfähigkeit auch in scheinbar unüberschaubaren Situationen erzielt.<span class="apple-converted-space"> </span><br />
Phantasie, Empathie oder das Gespür für komplexe Situationen sind gefragt und werden vertieft. Die <span lang="DE">NATHAL® &#8211; Methode </span>ist Quelle für Kreativität, fördert persönliche und soziale Berufskompetenzen und individuelle Begabungen.</p>
<p>Die Teilnehmenden erhalten Werkzeuge, die in verschiedensten Situationen gezielt praktisch umgesetzt werden können: Im Privaten wie im Beruf, für neue Informationsgewinnung und Therapie, genauso wie für Forschung und Entwicklung in Grenzbereichen. Alles wird genau abgestimmt auf diejenige Person, die fragt und etwas umsetzen will. Die Zukunft ist zunehmend kein Zufallsergebnis mehr, da die Seminarteilnehmenden ihrer Entwicklung gemäß in Frequenzbereiche vorstossen können, die neue Informationen zur Verfügung stellen.</p>
<p>Die berufliche Tätigkeit kann dadurch effizienter und stressfreier gestaltet werden. Eigenes Potenzial wird vermehrt erkannt und ausgeschöpft. Man erfährt Begabungen, die nicht bewusst waren und lernt diese einzusetzen. Ein Gefühl von mehr Ausgeglichenheit und Harmonie entsteht.</p>
<p>5 Tage &#8211; Kosten: 1500.- Fr</p>
<p>&nbsp;</p>
<p><img loading="lazy" decoding="async" class="wp-image-333 alignleft" src="https://nathal-bern.ch/wp-content/uploads/2018/10/DSCF6970-300x300.jpeg" alt="" width="602" height="602" srcset="https://nathal-bern.ch/wp-content/uploads/2018/10/DSCF6970-300x300.jpeg 300w, https://nathal-bern.ch/wp-content/uploads/2018/10/DSCF6970-150x150.jpeg 150w, https://nathal-bern.ch/wp-content/uploads/2018/10/DSCF6970-768x768.jpeg 768w, https://nathal-bern.ch/wp-content/uploads/2018/10/DSCF6970-1024x1024.jpeg 1024w" sizes="auto, (max-width: 602px) 100vw, 602px" /></p>

<p>NATHAL®-Seminar Beruf und Berufung (5 Tage) In den Übungen erhalten die Teilnehmenden einen Zugang in sinnliche Wahrnehmungen, die sowohl für[&#8230;]</p>
