{"id":174,"date":"2018-11-17T16:11:21","date_gmt":"2018-11-17T16:11:21","guid":{"rendered":"https:\/\/nathal-bern.ch\/?page_id=174"},"modified":"2024-07-17T10:52:37","modified_gmt":"2024-07-17T10:52:37","slug":"spezialseminar-erhoehte-merk-und-konzentrationsfaehigkeit","status":"publish","type":"page","link":"https:\/\/nathal-bern.ch\/?page_id=174","title":{"rendered":"Spezialseminar Erh\u00f6hte Merk- und Konzentrationsf\u00e4higkeit"},"content":{"rendered":"<h3><span style=\"color: #339966;\"><b>NATHAL\u00ae-Seminar <\/b><b>Erh\u00f6hte Merk- und Konzentrationsf\u00e4higkeit<br \/>\n(5 Tage)<\/b><\/span><\/h3>\n<p>Es wird ge\u00fcbt, so viele Informationen wie m\u00f6glich abzurufen und sich zu merken und zu erkennen,<br \/>\nwelche Empfindungen und Gef\u00fchlsaspekte sich innerlich dabei abspielen.<\/p>\n<p>Die Teilnehmenden lernen zu erkennen, wie bestimmte Empfindungen, z.B. Ablehnungen, die Merkf\u00e4higkeit behindern. Dies wird bearbeitet, erkannt und behandelt.<\/p>\n<p>In weiteren \u00dcbungen wird ein gr\u00f6sserer Umfang an Details von Informationen abgerufen ohne die \u00dcbersicht zu verlieren. Lernen &#8222;Informationen mit Freude und Leichtigkeit &#8220; zu erfassen ist das Ziel, gleichg\u00fcltig ob die Thematik von einem selber positiv bewertet wird oder nicht.<\/p>\n<p>Weder Ablehnung noch Vorliebe soll die Aufnahme von Informationen st\u00f6ren.<br \/>\nTrainiert wird eine Erh\u00f6hung \/ Steigerung des Potenzials\u00a0an Merkf\u00e4higkeit und Konzentrationsf\u00e4higkeit, ohne Abschw\u00e4chung der Qualit\u00e4t.<\/p>\n<p>5 Tage &#8211; Kosten: 1500.- Fr<\/p>\n<p><img loading=\"lazy\" decoding=\"async\" class=\"wp-image-335 alignleft\" src=\"https:\/\/nathal-bern.ch\/wp-content\/uploads\/2018\/10\/IMG_3747-225x300.jpg\" alt=\"\" width=\"452\" height=\"603\" srcset=\"https:\/\/nathal-bern.ch\/wp-content\/uploads\/2018\/10\/IMG_3747-225x300.jpg 225w, https:\/\/nathal-bern.ch\/wp-content\/uploads\/2018\/10\/IMG_3747-768x1024.jpg 768w\" sizes=\"auto, (max-width: 452px) 100vw, 452px\" \/><\/p>\n","protected":false},"excerpt":{"rendered":"<p>NATHAL\u00ae-Seminar Erh\u00f6hte Merk- und Konzentrationsf\u00e4higkeit (5 Tage) Es wird ge\u00fcbt, so viele Informationen wie m\u00f6glich abzurufen und sich zu merken[&#8230;]<\/p>\n","protected":false},"author":1,"featured_media":0,"parent":41,"menu_order":0,"comment_status":"closed","ping_status":"closed","template":"","meta":{"_exactmetrics_skip_tracking":false,"_exactmetrics_sitenote_active":false,"_exactmetrics_sitenote_note":"","_exactmetrics_sitenote_category":0,"footnotes":""},"class_list":["post-174","page","type-page","status-publish","hentry"],"_links":{"self":[{"href":"https:\/\/nathal-bern.ch\/index.php?rest_route=\/wp\/v2\/pages\/174","targetHints":{"allow":["GET"]}}],"collection":[{"href":"https:\/\/nathal-bern.ch\/index.php?rest_route=\/wp\/v2\/pages"}],"about":[{"href":"https:\/\/nathal-bern.ch\/index.php?rest_route=\/wp\/v2\/types\/page"}],"author":[{"embeddable":true,"href":"https:\/\/nathal-bern.ch\/index.php?rest_route=\/wp\/v2\/users\/1"}],"replies":[{"embeddable":true,"href":"https:\/\/nathal-bern.ch\/index.php?rest_route=%2Fwp%2Fv2%2Fcomments&post=174"}],"version-history":[{"count":14,"href":"https:\/\/nathal-bern.ch\/index.php?rest_route=\/wp\/v2\/pages\/174\/revisions"}],"predecessor-version":[{"id":1398,"href":"https:\/\/nathal-bern.ch\/index.php?rest_route=\/wp\/v2\/pages\/174\/revisions\/1398"}],"up":[{"embeddable":true,"href":"https:\/\/nathal-bern.ch\/index.php?rest_route=\/wp\/v2\/pages\/41"}],"wp:attachment":[{"href":"https:\/\/nathal-bern.ch\/index.php?rest_route=%2Fwp%2Fv2%2Fmedia&parent=174"}],"curies":[{"name":"wp","href":"https:\/\/api.w.org\/{rel}","templated":true}]}}

Spezialseminar Erhöhte Merk- und Konzentrationsfähigkeit

<h3><span style="color: #339966;"><b>NATHAL®-Seminar </b><b>Erhöhte Merk- und Konzentrationsfähigkeit<br />
(5 Tage)</b></span></h3>
<p>Es wird geübt, so viele Informationen wie möglich abzurufen und sich zu merken und zu erkennen,<br />
welche Empfindungen und Gefühlsaspekte sich innerlich dabei abspielen.</p>
<p>Die Teilnehmenden lernen zu erkennen, wie bestimmte Empfindungen, z.B. Ablehnungen, die Merkfähigkeit behindern. Dies wird bearbeitet, erkannt und behandelt.</p>
<p>In weiteren Übungen wird ein grösserer Umfang an Details von Informationen abgerufen ohne die Übersicht zu verlieren. Lernen &#8222;Informationen mit Freude und Leichtigkeit &#8220; zu erfassen ist das Ziel, gleichgültig ob die Thematik von einem selber positiv bewertet wird oder nicht.</p>
<p>Weder Ablehnung noch Vorliebe soll die Aufnahme von Informationen stören.<br />
Trainiert wird eine Erhöhung / Steigerung des Potenzials an Merkfähigkeit und Konzentrationsfähigkeit, ohne Abschwächung der Qualität.</p>
<p>5 Tage &#8211; Kosten: 1500.- Fr</p>
<p><img loading="lazy" decoding="async" class="wp-image-335 alignleft" src="https://nathal-bern.ch/wp-content/uploads/2018/10/IMG_3747-225x300.jpg" alt="" width="452" height="603" srcset="https://nathal-bern.ch/wp-content/uploads/2018/10/IMG_3747-225x300.jpg 225w, https://nathal-bern.ch/wp-content/uploads/2018/10/IMG_3747-768x1024.jpg 768w" sizes="auto, (max-width: 452px) 100vw, 452px" /></p>

<p>NATHAL®-Seminar Erhöhte Merk- und Konzentrationsfähigkeit (5 Tage) Es wird geübt, so viele Informationen wie möglich abzurufen und sich zu merken[&#8230;]</p>
