{"id":24,"date":"2018-11-17T15:54:26","date_gmt":"2018-11-17T15:54:26","guid":{"rendered":"https:\/\/nathal-bern.ch\/?page_id=24"},"modified":"2026-04-17T07:58:16","modified_gmt":"2026-04-17T07:58:16","slug":"daten-ort","status":"publish","type":"page","link":"https:\/\/nathal-bern.ch\/?page_id=24","title":{"rendered":"Daten &#8211; Ort"},"content":{"rendered":"<h1 style=\"text-align: left;\"><span style=\"color: #3366ff;\"><strong><a style=\"color: #3366ff;\" href=\"https:\/\/nathal-bern.ch\/?page_id=22\">Seminare 2026\/2027:<\/a>\u00a0<\/strong><\/span><\/h1>\n<p>die Seminare werden in deutscher Sprache durchgef\u00fchrt &#8211; auf Anfrage, gegen Aufpreis, k\u00f6nnen die Seminare auch \u00fcbersetzt werden auf englisch, franz\u00f6sisch, niederl\u00e4ndisch, italienisch, spanisch und libanesisch<\/p>\n<p><span style=\"color: #339966;\"><strong>Einf\u00fchrung in die Methode:<\/strong><\/span><\/p>\n<p>&#8211; 2 Stunden Input und \u00dcbung: auf Anfrage<\/p>\n<p><span style=\"color: #0000ff;\"><strong>Einstiegs-Seminar: Intensivausbildung<\/strong><\/span><\/p>\n<h3 style=\"text-align: left;\"><strong><a href=\"https:\/\/nathal-bern.ch\/?page_id=39\"><span style=\"color: #339966;\">Intensivausbildung:<\/span><\/a><\/strong><\/h3>\n<p><a href=\"https:\/\/nathal-bern.ch\/?page_id=39\">5. &#8211; 9. Januar 2027<\/a><\/p>\n<p><a href=\"https:\/\/nathal-bern.ch\/?page_id=870\">13. Mai und 14. Mai 2026<\/a> Intensivseminar Kurzversion f\u00fcr Einsteiger (1 1\/2 Tage),<br \/>\ndie anschliessend das Seminar Elektrosmog vom 14. bis 17. Mai 2026 besuchen m\u00f6chten<\/p>\n<p><a href=\"https:\/\/nathal-bern.ch\/?page_id=39\">8. &#8211; 12. Juli 2026<\/a><\/p>\n<p><a href=\"https:\/\/nathal-bern.ch\/?page_id=39\">Intensivseminar f\u00fcr Kinder und Jugendliche (3 Tage)<\/a>\u00a0auf Anfrage<img loading=\"lazy\" decoding=\"async\" class=\"wp-image-1456 alignleft\" src=\"https:\/\/nathal-bern.ch\/wp-content\/uploads\/2025\/01\/IMG_5051-4-300x259.jpeg\" alt=\"\" width=\"149\" height=\"128\" srcset=\"https:\/\/nathal-bern.ch\/wp-content\/uploads\/2025\/01\/IMG_5051-4-300x259.jpeg 300w, https:\/\/nathal-bern.ch\/wp-content\/uploads\/2025\/01\/IMG_5051-4.jpeg 555w\" sizes=\"auto, (max-width: 149px) 100vw, 149px\" \/><\/p>\n<h3 style=\"text-align: left;\"><a href=\"https:\/\/nathal-bern.ch\/?page_id=43\"><span style=\"color: #339966;\"><strong>Aufbauseminare:<\/strong><\/span><\/a><\/h3>\n<ul>\n<li><a href=\"https:\/\/nathal-bern.ch\/?page_id=158\">F 6 Ger\u00fcche und Menschen aus der Zukunft wahrnehmen:<\/a> 30. Juli &#8211; 2. August 2026<\/li>\n<li><a style=\"box-shadow: #bfe6ff 0px 0px 0px 1px;\" href=\"https:\/\/nathal-bern.ch\/?page_id=35\">F 1 Pers\u00f6nliche, berufliche und \u00fcbergeordnete Zukunft<\/a>: 29. Januar &#8211; 1. Februar 2026<\/li>\n<li>weitere <a href=\"https:\/\/nathal-bern.ch\/?page_id=43\">Aufbauseminare<\/a> auf Anfrage<\/li>\n<\/ul>\n<h3><span style=\"color: #339966;\"><strong><a href=\"https:\/\/nathal-bern.ch\/?page_id=41\">Spezial-Seminare:<\/a><\/strong><\/span><\/h3>\n<ul>\n<li><a href=\"https:\/\/nathal-bern.ch\/?page_id=164\">Geistiges Heilen I<\/a>: \u00a03. und 4. April 2026 (Karfreitag und Karsamstag): erste zwei Tage<\/li>\n<li><a style=\"box-shadow: #bfe6ff 0px 0px 0px 1px;\" href=\"https:\/\/nathal-bern.ch\/?page_id=162\">Zellerneuerung<\/a>: offen<\/li>\n<li><a style=\"box-shadow: #bfe6ff 0px 0px 0px 1px;\" href=\"https:\/\/nathal-bern.ch\/?page_id=868\">\u00c4lter werden<\/a>: 3. &#8211; 7. Dez. 2025<\/li>\n<li><a href=\"https:\/\/nathal-bern.ch\/?page_id=41\">Wunschseminar<\/a>: auf Anfrage<\/li>\n<li><a style=\"box-shadow: #bfe6ff 0px 0px 0px 1px;\" href=\"https:\/\/nathal-bern.ch\/?page_id=1147\">gesundes Selbstbewusstsein<\/a>: 7. &#8211; 11. April 2026<\/li>\n<li><a style=\"box-shadow: #bfe6ff 0px 0px 0px 1px;\" href=\"https:\/\/nathal-bern.ch\/?page_id=870\">Umwelteinfl\u00fcsse, Elektrosmog<\/a>: 14. &#8211; 17. Mai 2026 (3 1\/2 Tage),<br \/>\ndavor 1 1\/2 Tage Einf\u00fchrung ins Intensivseminar m\u00f6glich (13.5. und 14.5. morgens)<\/li>\n<li><a style=\"box-shadow: #bfe6ff 0px 0px 0px 1px;\" href=\"https:\/\/nathal-bern.ch\/?page_id=168\">Zwischenmenschliche Beziehungen<\/a>: auf Wunsch anstatt das Seminar Burn-out, \u00a0 \u00a0 \u00a0 \u00a0 \u00a0 \u00a0 \u00a0 \u00a0 \u00a0 \u00a0 \u00a0 \u00a0 \u00a0 \u00a0 \u00a0 \u00a0 \u00a0 \u00a0 \u00a0 \u00a0 \u00a0 \u00a0 \u00a0 \u00a0 \u00a0 \u00a0 \u00a06. &#8211; 10. Oktober 2026<\/li>\n<li><a style=\"box-shadow: #bfe6ff 0px 0px 0px 1px;\" href=\"https:\/\/nathal-bern.ch\/?page_id=268\">Burn-out und Burn-out Prophylaxe<\/a>: 6. &#8211; 10. Oktober 2026<\/li>\n<li><a href=\"https:\/\/nathal-bern.ch\/?page_id=166\">Sterben und Sterbebegleitung:<\/a>\u00a0 14. &#8211; 18. November 2026<\/li>\n<li><a href=\"https:\/\/nathal-bern.ch\/?page_id=174\">Erh\u00f6hung der Merk- und Konzentrationsf\u00e4higkeit<\/a>: 9. &#8211; 13. Dezember 2026<\/li>\n<li><a href=\"https:\/\/nathal-bern.ch\/?page_id=1371\">E.B.E.&#8217;s Extraterrestrische Biologische Entit\u00e4ten:<\/a> f\u00fcr 2027 vorgesehen<\/li>\n<li><a href=\"https:\/\/nathal-bern.ch\/?page_id=41\">Seminar f\u00fcr Fertilisation (Kinderwunsch, 2 1\/2 bis 5 Tage)<\/a>: 22. Febr., 16. M\u00e4rz, weitere Tage in Planung und nach Absprache<\/li>\n<li><a href=\"https:\/\/nathal-bern.ch\/?page_id=41\">\u00a0Seminar w\u00e4hrend der Schwangerschaft (5 Tage), Seminar nach der Geburt (5 Tage)<\/a> auf Anfrage individuell terminierbar<\/li>\n<li>weitere <a href=\"https:\/\/nathal-bern.ch\/?page_id=41\">Spezialseminare<\/a> auf Anfrage<\/li>\n<\/ul>\n<p><a href=\"https:\/\/nathal-bern.ch\/?page_id=26\"><span style=\"color: #008000;\"><strong>=&gt; zur Anmeldung<\/strong><\/span><\/a><\/p>\n<h1><span style=\"color: #3366ff;\"><a style=\"color: #3366ff;\" href=\"https:\/\/nathal-bern.ch\/?page_id=33\"><strong>\u00dcbungstage 2026:\u00a0<\/strong><\/a><\/span><\/h1>\n<p style=\"text-align: left;\">Teilnahme aus Platzgr\u00fcnden nur auf Voranmeldung m\u00f6glich<\/p>\n<p style=\"text-align: left;\">\u00c4nderungen vorbehalten!<br \/>\n<strong><img loading=\"lazy\" decoding=\"async\" class=\"wp-image-564 alignright\" src=\"https:\/\/nathal-bern.ch\/wp-content\/uploads\/2018\/11\/DSCF8556-206x300.jpeg\" alt=\"\" width=\"296\" height=\"431\" srcset=\"https:\/\/nathal-bern.ch\/wp-content\/uploads\/2018\/11\/DSCF8556-206x300.jpeg 206w, https:\/\/nathal-bern.ch\/wp-content\/uploads\/2018\/11\/DSCF8556-768x1120.jpeg 768w, https:\/\/nathal-bern.ch\/wp-content\/uploads\/2018\/11\/DSCF8556-702x1024.jpeg 702w\" sizes=\"auto, (max-width: 296px) 100vw, 296px\" \/><\/strong><\/p>\n<p style=\"text-align: left;\"><span style=\"font-size: 1.0625rem;\">24.1.2026 Samstag<br \/>\n<\/span><span style=\"font-size: 1.0625rem;\">1.3.2026 Sonntag<\/span><span style=\"font-size: 1.0625rem;\"><br \/>\n<\/span><span style=\"font-size: 1.0625rem;\">18.4.2026 Samstag<br \/>\n25.5.2026 Pfingstmontag<br \/>\n27.6.2026 Samstag<br \/>\n9.8.2026 Sonntag<br \/>\n29.8.2026 Samstag<br \/>\n3.10.2026 Samstag<br \/>\n28.11.2026 Samstag<br \/>\n26.12.2026 Samstag, Stephanstag \u00a0<\/span><span style=\"font-size: 1.0625rem;\">\u00a0 \u00a0 \u00a0 \u00a0 \u00a0 \u00a0 \u00a0 \u00a0 \u00a0 \u00a0 \u00a0 \u00a0 \u00a0 \u00a0 \u00a0 \u00a0 \u00a0 \u00a0 \u00a0 \u00a0 \u00a0 \u00a0 \u00a0\u00a0<\/span><\/p>\n<p>&nbsp;<\/p>\n<p style=\"text-align: center;\"><span style=\"font-size: 1.0625rem;\">\u00a0 \u00a0 \u00a0 \u00a0 \u00a0 \u00a0 \u00a0 \u00a0 \u00a0 \u00a0 \u00a0 \u00a0 \u00a0 \u00a0 \u00a0 \u00a0 \u00a0 &#8222;NATHAL-ON&#8220; <\/span><span style=\"font-size: 1.0625rem;\">Bild von Philippe Evrard Lathan<br \/>\n<\/span><span style=\"font-size: 1.0625rem;\">\u00a0 \u00a0 \u00a0 \u00a0 \u00a0 \u00a0 \u00a0 \u00a0 \u00a0 \u00a0 \u00a0 \u00a0 \u00a0 \u00a0 \u00a0 \u00a0 \u00a0 \u00a0 \u00a0 \u00a0 \u00a0 \u00a0 \u00a0 \u00a0 \u00a0 \u00a0 \u00a0 \u00a0 \u00a0 \u00a0 \u00a0 \u00a0 \u00a0 \u00a0 \u00a0 \u00a0 \u00a0 \u00a0 \u00a0 \u00a0 \u00a0 \u00a0 \u00a0 \u00a0 \u00a0 \u00a0 \u00a0\u00a0<a href=\"http:\/\/www.nathal-art.com\">www.nathal-art.com<\/a><\/span><\/p>\n<h1><strong><span style=\"color: #3366ff;\">Seminar-Ort:<\/span><br \/>\n<\/strong><\/h1>\n<p>Die Seminare finden in der N\u00e4he von Bern statt, in der<\/p>\n<p>Praxis f\u00fcr psychologische Beratung und Coaching<br \/>\nAgnes Berger Bertschinger<br \/>\nBernstrasse 54<br \/>\n3072 Ostermundigen<\/p>\n<ul>\n<li>gut erreichbar mit Bus Nr. 10 ab Bahnhof Bern bis Haltestelle Zollgasse (ca. 14 Min. ab HB Bern)<br \/>\noder ab Bahnhof Ostermundigen 7 Min. zu Fuss oder mit Bus Nr. 10 (eine Station stadtausw\u00e4rts, Zollgasse)<\/li>\n<\/ul>\n<p><img loading=\"lazy\" decoding=\"async\" class=\"alignnone wp-image-1280 \" src=\"https:\/\/nathal-bern.ch\/wp-content\/uploads\/2023\/07\/IMG_7807-1-scaled.jpg\" alt=\"\" width=\"425\" height=\"300\" srcset=\"https:\/\/nathal-bern.ch\/wp-content\/uploads\/2023\/07\/IMG_7807-1-scaled.jpg 2560w, https:\/\/nathal-bern.ch\/wp-content\/uploads\/2023\/07\/IMG_7807-1-300x212.jpg 300w\" sizes=\"auto, (max-width: 425px) 100vw, 425px\" \/>\u00a0 \u00a0 \u00a0 <img loading=\"lazy\" decoding=\"async\" class=\"alignnone size-medium wp-image-1283\" src=\"https:\/\/nathal-bern.ch\/wp-content\/uploads\/2023\/07\/IMG_7806-241x300.jpeg\" alt=\"\" width=\"241\" height=\"300\" srcset=\"https:\/\/nathal-bern.ch\/wp-content\/uploads\/2023\/07\/IMG_7806-241x300.jpeg 241w, https:\/\/nathal-bern.ch\/wp-content\/uploads\/2023\/07\/IMG_7806.jpeg 479w\" sizes=\"auto, (max-width: 241px) 100vw, 241px\" \/><img loading=\"lazy\" decoding=\"async\" class=\"alignnone size-medium wp-image-1336\" src=\"https:\/\/nathal-bern.ch\/wp-content\/uploads\/2024\/04\/Raum_ostermundigen-1-2.jpg\" alt=\"\" width=\"1\" height=\"1\" \/><br \/>\n<img loading=\"lazy\" decoding=\"async\" class=\"alignnone wp-image-1281\" src=\"https:\/\/nathal-bern.ch\/wp-content\/uploads\/2024\/04\/Raum_ostermundigen-1-2.jpg\" alt=\"\" width=\"689\" height=\"459\" \/><br \/>\nFoto Innenansicht von Sandra Brigger, <a href=\"https:\/\/www.bildschmiede.ch\/\">Bildschmiede<\/a>, Kerzers<\/p>\n<hr \/>\n<p>Auf Anfrage k\u00f6nnen Seminare auch f\u00fcr Gruppen an Ihrem Seminarort, den Sie selber organisieren, durchgef\u00fchrt werden (mindestens f\u00fcnf Teilnehmende).<\/p>\n","protected":false},"excerpt":{"rendered":"<p>Seminare 2026\/2027:\u00a0 die Seminare werden in deutscher Sprache durchgef\u00fchrt &#8211; auf Anfrage, gegen Aufpreis, k\u00f6nnen die Seminare auch \u00fcbersetzt werden[&#8230;]<\/p>\n","protected":false},"author":1,"featured_media":0,"parent":0,"menu_order":0,"comment_status":"closed","ping_status":"closed","template":"","meta":{"_exactmetrics_skip_tracking":false,"_exactmetrics_sitenote_active":false,"_exactmetrics_sitenote_note":"","_exactmetrics_sitenote_category":0,"footnotes":""},"class_list":["post-24","page","type-page","status-publish","hentry"],"_links":{"self":[{"href":"https:\/\/nathal-bern.ch\/index.php?rest_route=\/wp\/v2\/pages\/24","targetHints":{"allow":["GET"]}}],"collection":[{"href":"https:\/\/nathal-bern.ch\/index.php?rest_route=\/wp\/v2\/pages"}],"about":[{"href":"https:\/\/nathal-bern.ch\/index.php?rest_route=\/wp\/v2\/types\/page"}],"author":[{"embeddable":true,"href":"https:\/\/nathal-bern.ch\/index.php?rest_route=\/wp\/v2\/users\/1"}],"replies":[{"embeddable":true,"href":"https:\/\/nathal-bern.ch\/index.php?rest_route=%2Fwp%2Fv2%2Fcomments&post=24"}],"version-history":[{"count":265,"href":"https:\/\/nathal-bern.ch\/index.php?rest_route=\/wp\/v2\/pages\/24\/revisions"}],"predecessor-version":[{"id":1512,"href":"https:\/\/nathal-bern.ch\/index.php?rest_route=\/wp\/v2\/pages\/24\/revisions\/1512"}],"wp:attachment":[{"href":"https:\/\/nathal-bern.ch\/index.php?rest_route=%2Fwp%2Fv2%2Fmedia&parent=24"}],"curies":[{"name":"wp","href":"https:\/\/api.w.org\/{rel}","templated":true}]}}

<h1 style="text-align: left;"><span style="color: #3366ff;"><strong><a style="color: #3366ff;" href="https://nathal-bern.ch/?page_id=22">Seminare 2026/2027:</a> </strong></span></h1>
<p>die Seminare werden in deutscher Sprache durchgeführt &#8211; auf Anfrage, gegen Aufpreis, können die Seminare auch übersetzt werden auf englisch, französisch, niederländisch, italienisch, spanisch und libanesisch</p>
<p><span style="color: #339966;"><strong>Einführung in die Methode:</strong></span></p>
<p>&#8211; 2 Stunden Input und Übung: auf Anfrage</p>
<p><span style="color: #0000ff;"><strong>Einstiegs-Seminar: Intensivausbildung</strong></span></p>
<h3 style="text-align: left;"><strong><a href="https://nathal-bern.ch/?page_id=39"><span style="color: #339966;">Intensivausbildung:</span></a></strong></h3>
<p><a href="https://nathal-bern.ch/?page_id=39">5. &#8211; 9. Januar 2027</a></p>
<p><a href="https://nathal-bern.ch/?page_id=870">13. Mai und 14. Mai 2026</a> Intensivseminar Kurzversion für Einsteiger (1 1/2 Tage),<br />
die anschliessend das Seminar Elektrosmog vom 14. bis 17. Mai 2026 besuchen möchten</p>
<p><a href="https://nathal-bern.ch/?page_id=39">8. &#8211; 12. Juli 2026</a></p>
<p><a href="https://nathal-bern.ch/?page_id=39">Intensivseminar für Kinder und Jugendliche (3 Tage)</a> auf Anfrage<img loading="lazy" decoding="async" class="wp-image-1456 alignleft" src="https://nathal-bern.ch/wp-content/uploads/2025/01/IMG_5051-4-300x259.jpeg" alt="" width="149" height="128" srcset="https://nathal-bern.ch/wp-content/uploads/2025/01/IMG_5051-4-300x259.jpeg 300w, https://nathal-bern.ch/wp-content/uploads/2025/01/IMG_5051-4.jpeg 555w" sizes="auto, (max-width: 149px) 100vw, 149px" /></p>
<h3 style="text-align: left;"><a href="https://nathal-bern.ch/?page_id=43"><span style="color: #339966;"><strong>Aufbauseminare:</strong></span></a></h3>
<ul>
<li><a href="https://nathal-bern.ch/?page_id=158">F 6 Gerüche und Menschen aus der Zukunft wahrnehmen:</a> 30. Juli &#8211; 2. August 2026</li>
<li><a style="box-shadow: #bfe6ff 0px 0px 0px 1px;" href="https://nathal-bern.ch/?page_id=35">F 1 Persönliche, berufliche und übergeordnete Zukunft</a>: 29. Januar &#8211; 1. Februar 2026</li>
<li>weitere <a href="https://nathal-bern.ch/?page_id=43">Aufbauseminare</a> auf Anfrage</li>
</ul>
<h3><span style="color: #339966;"><strong><a href="https://nathal-bern.ch/?page_id=41">Spezial-Seminare:</a></strong></span></h3>
<ul>
<li><a href="https://nathal-bern.ch/?page_id=164">Geistiges Heilen I</a>:  3. und 4. April 2026 (Karfreitag und Karsamstag): erste zwei Tage</li>
<li><a style="box-shadow: #bfe6ff 0px 0px 0px 1px;" href="https://nathal-bern.ch/?page_id=162">Zellerneuerung</a>: offen</li>
<li><a style="box-shadow: #bfe6ff 0px 0px 0px 1px;" href="https://nathal-bern.ch/?page_id=868">Älter werden</a>: 3. &#8211; 7. Dez. 2025</li>
<li><a href="https://nathal-bern.ch/?page_id=41">Wunschseminar</a>: auf Anfrage</li>
<li><a style="box-shadow: #bfe6ff 0px 0px 0px 1px;" href="https://nathal-bern.ch/?page_id=1147">gesundes Selbstbewusstsein</a>: 7. &#8211; 11. April 2026</li>
<li><a style="box-shadow: #bfe6ff 0px 0px 0px 1px;" href="https://nathal-bern.ch/?page_id=870">Umwelteinflüsse, Elektrosmog</a>: 14. &#8211; 17. Mai 2026 (3 1/2 Tage),<br />
davor 1 1/2 Tage Einführung ins Intensivseminar möglich (13.5. und 14.5. morgens)</li>
<li><a style="box-shadow: #bfe6ff 0px 0px 0px 1px;" href="https://nathal-bern.ch/?page_id=168">Zwischenmenschliche Beziehungen</a>: auf Wunsch anstatt das Seminar Burn-out,                                                      6. &#8211; 10. Oktober 2026</li>
<li><a style="box-shadow: #bfe6ff 0px 0px 0px 1px;" href="https://nathal-bern.ch/?page_id=268">Burn-out und Burn-out Prophylaxe</a>: 6. &#8211; 10. Oktober 2026</li>
<li><a href="https://nathal-bern.ch/?page_id=166">Sterben und Sterbebegleitung:</a>  14. &#8211; 18. November 2026</li>
<li><a href="https://nathal-bern.ch/?page_id=174">Erhöhung der Merk- und Konzentrationsfähigkeit</a>: 9. &#8211; 13. Dezember 2026</li>
<li><a href="https://nathal-bern.ch/?page_id=1371">E.B.E.&#8217;s Extraterrestrische Biologische Entitäten:</a> für 2027 vorgesehen</li>
<li><a href="https://nathal-bern.ch/?page_id=41">Seminar für Fertilisation (Kinderwunsch, 2 1/2 bis 5 Tage)</a>: 22. Febr., 16. März, weitere Tage in Planung und nach Absprache</li>
<li><a href="https://nathal-bern.ch/?page_id=41"> Seminar während der Schwangerschaft (5 Tage), Seminar nach der Geburt (5 Tage)</a> auf Anfrage individuell terminierbar</li>
<li>weitere <a href="https://nathal-bern.ch/?page_id=41">Spezialseminare</a> auf Anfrage</li>
</ul>
<p><a href="https://nathal-bern.ch/?page_id=26"><span style="color: #008000;"><strong>=&gt; zur Anmeldung</strong></span></a></p>
<h1><span style="color: #3366ff;"><a style="color: #3366ff;" href="https://nathal-bern.ch/?page_id=33"><strong>Übungstage 2026: </strong></a></span></h1>
<p style="text-align: left;">Teilnahme aus Platzgründen nur auf Voranmeldung möglich</p>
<p style="text-align: left;">Änderungen vorbehalten!<br />
<strong><img loading="lazy" decoding="async" class="wp-image-564 alignright" src="https://nathal-bern.ch/wp-content/uploads/2018/11/DSCF8556-206x300.jpeg" alt="" width="296" height="431" srcset="https://nathal-bern.ch/wp-content/uploads/2018/11/DSCF8556-206x300.jpeg 206w, https://nathal-bern.ch/wp-content/uploads/2018/11/DSCF8556-768x1120.jpeg 768w, https://nathal-bern.ch/wp-content/uploads/2018/11/DSCF8556-702x1024.jpeg 702w" sizes="auto, (max-width: 296px) 100vw, 296px" /></strong></p>
<p style="text-align: left;"><span style="font-size: 1.0625rem;">24.1.2026 Samstag<br />
</span><span style="font-size: 1.0625rem;">1.3.2026 Sonntag</span><span style="font-size: 1.0625rem;"><br />
</span><span style="font-size: 1.0625rem;">18.4.2026 Samstag<br />
25.5.2026 Pfingstmontag<br />
27.6.2026 Samstag<br />
9.8.2026 Sonntag<br />
29.8.2026 Samstag<br />
3.10.2026 Samstag<br />
28.11.2026 Samstag<br />
26.12.2026 Samstag, Stephanstag  </span><span style="font-size: 1.0625rem;">                                              </span></p>
<p>&nbsp;</p>
<p style="text-align: center;"><span style="font-size: 1.0625rem;">                                  &#8222;NATHAL-ON&#8220; </span><span style="font-size: 1.0625rem;">Bild von Philippe Evrard Lathan<br />
</span><span style="font-size: 1.0625rem;">                                                                                              <a href="http://www.nathal-art.com">www.nathal-art.com</a></span></p>
<h1><strong><span style="color: #3366ff;">Seminar-Ort:</span><br />
</strong></h1>
<p>Die Seminare finden in der Nähe von Bern statt, in der</p>
<p>Praxis für psychologische Beratung und Coaching<br />
Agnes Berger Bertschinger<br />
Bernstrasse 54<br />
3072 Ostermundigen</p>
<ul>
<li>gut erreichbar mit Bus Nr. 10 ab Bahnhof Bern bis Haltestelle Zollgasse (ca. 14 Min. ab HB Bern)<br />
oder ab Bahnhof Ostermundigen 7 Min. zu Fuss oder mit Bus Nr. 10 (eine Station stadtauswärts, Zollgasse)</li>
</ul>
<p><img loading="lazy" decoding="async" class="alignnone wp-image-1280 " src="https://nathal-bern.ch/wp-content/uploads/2023/07/IMG_7807-1-scaled.jpg" alt="" width="425" height="300" srcset="https://nathal-bern.ch/wp-content/uploads/2023/07/IMG_7807-1-scaled.jpg 2560w, https://nathal-bern.ch/wp-content/uploads/2023/07/IMG_7807-1-300x212.jpg 300w" sizes="auto, (max-width: 425px) 100vw, 425px" />      <img loading="lazy" decoding="async" class="alignnone size-medium wp-image-1283" src="https://nathal-bern.ch/wp-content/uploads/2023/07/IMG_7806-241x300.jpeg" alt="" width="241" height="300" srcset="https://nathal-bern.ch/wp-content/uploads/2023/07/IMG_7806-241x300.jpeg 241w, https://nathal-bern.ch/wp-content/uploads/2023/07/IMG_7806.jpeg 479w" sizes="auto, (max-width: 241px) 100vw, 241px" /><img loading="lazy" decoding="async" class="alignnone size-medium wp-image-1336" src="https://nathal-bern.ch/wp-content/uploads/2024/04/Raum_ostermundigen-1-2.jpg" alt="" width="1" height="1" /><br />
<img loading="lazy" decoding="async" class="alignnone wp-image-1281" src="https://nathal-bern.ch/wp-content/uploads/2024/04/Raum_ostermundigen-1-2.jpg" alt="" width="689" height="459" /><br />
Foto Innenansicht von Sandra Brigger, <a href="https://www.bildschmiede.ch/">Bildschmiede</a>, Kerzers</p>
<hr />
<p>Auf Anfrage können Seminare auch für Gruppen an Ihrem Seminarort, den Sie selber organisieren, durchgeführt werden (mindestens fünf Teilnehmende).</p>

<p>Seminare 2026/2027:  die Seminare werden in deutscher Sprache durchgeführt &#8211; auf Anfrage, gegen Aufpreis, können die Seminare auch übersetzt werden[&#8230;]</p>
