{"id":268,"date":"2018-11-17T16:09:44","date_gmt":"2018-11-17T16:09:44","guid":{"rendered":"https:\/\/nathal-bern.ch\/?page_id=268"},"modified":"2024-10-23T13:43:35","modified_gmt":"2024-10-23T13:43:35","slug":"spezialseminar-burn-out-und-burn-out-prophylaxe","status":"publish","type":"page","link":"https:\/\/nathal-bern.ch\/?page_id=268","title":{"rendered":"Spezialseminar Burn-out und Burn-out-Prophylaxe"},"content":{"rendered":"<h2><span style=\"color: #339966;\"><strong>NATHAL\u00ae-Seminar <\/strong><strong>Burn-out und Burn-out Prophylaxe<br \/>\n(5 Tage)<\/strong><\/span><\/h2>\n<p>Bei Burn-out \/ k\u00f6rperlicher und psychischer Abgeschlagenheit und zur Vorbeugung:<\/p>\n<p>Privat und beruflich Ursachen, die zum Ausbrennen f\u00fchrten oder f\u00fchren k\u00f6nnten, erfahren und beheben. Krise als Chance sehen und n\u00fctzen.<\/p>\n<p>Sie erhalten individuell Einsichten und Hinweise zum Erarbeiten einer besseren Selbstf\u00fcrsorge.<\/p>\n<p>Sie finden einen neuen Bezug zu sich selber und erfahren, wie Sie mehr Selbstachtung empfinden und f\u00fcr sich effizienter einstehen k\u00f6nnen.<\/p>\n<p>Sie lernen, die eigenen Kr\u00e4fte sorgsamer einzusetzen und mit Stress gelassener umzugehen.<\/p>\n<p>Sie erkennen, welche \u00e4usseren hinderlichen Einfl\u00fcsse wie ver\u00e4ndert werden m\u00fcssen.<\/p>\n<p>Sie werden bef\u00e4higt, zu mehr Freude zu finden und die pers\u00f6nliche Motivation zu steigern.<\/p>\n<p>Lernen Sie, die k\u00f6rperliche, psychische und geistige Leistungsf\u00e4higkeit wieder zu erlangen oder zu steigern.<\/p>\n<p>5 Tage &#8211; Kosten: 1500.- Fr<\/p>\n<section>Auf Anfrage (mindestens 1 Monat im voraus) ist ein <strong>direkter Einstieg<\/strong><\/section>\n<section>(ohne Intensivseminar als Voraussetzung) m\u00f6glich.<\/section>\n<section>In diesem Falle werden den 5 regul\u00e4ren Tagen zwei Tage vorangestellt (Zusatzkosten: 600.- Fr).<\/section>\n<p><img loading=\"lazy\" decoding=\"async\" class=\"wp-image-337 alignleft\" src=\"https:\/\/nathal-bern.ch\/wp-content\/uploads\/2018\/10\/IMG_9291-300x252.jpg\" alt=\"\" width=\"424\" height=\"356\" srcset=\"https:\/\/nathal-bern.ch\/wp-content\/uploads\/2018\/10\/IMG_9291-300x252.jpg 300w, https:\/\/nathal-bern.ch\/wp-content\/uploads\/2018\/10\/IMG_9291-768x646.jpg 768w, https:\/\/nathal-bern.ch\/wp-content\/uploads\/2018\/10\/IMG_9291-1024x862.jpg 1024w, https:\/\/nathal-bern.ch\/wp-content\/uploads\/2018\/10\/IMG_9291.jpg 1280w\" sizes=\"auto, (max-width: 424px) 100vw, 424px\" \/><img loading=\"lazy\" decoding=\"async\" class=\"wp-image-338 alignright\" src=\"https:\/\/nathal-bern.ch\/wp-content\/uploads\/2018\/10\/IMG_7671-200x300.jpg\" alt=\"\" width=\"267\" height=\"401\" srcset=\"https:\/\/nathal-bern.ch\/wp-content\/uploads\/2018\/10\/IMG_7671-200x300.jpg 200w, https:\/\/nathal-bern.ch\/wp-content\/uploads\/2018\/10\/IMG_7671-768x1152.jpg 768w, https:\/\/nathal-bern.ch\/wp-content\/uploads\/2018\/10\/IMG_7671-683x1024.jpg 683w\" sizes=\"auto, (max-width: 267px) 100vw, 267px\" \/><\/p>\n","protected":false},"excerpt":{"rendered":"<p>NATHAL\u00ae-Seminar Burn-out und Burn-out Prophylaxe (5 Tage) Bei Burn-out \/ k\u00f6rperlicher und psychischer Abgeschlagenheit und zur Vorbeugung: Privat und beruflich[&#8230;]<\/p>\n","protected":false},"author":1,"featured_media":0,"parent":41,"menu_order":0,"comment_status":"closed","ping_status":"closed","template":"","meta":{"_exactmetrics_skip_tracking":false,"_exactmetrics_sitenote_active":false,"_exactmetrics_sitenote_note":"","_exactmetrics_sitenote_category":0,"footnotes":""},"class_list":["post-268","page","type-page","status-publish","hentry"],"_links":{"self":[{"href":"https:\/\/nathal-bern.ch\/index.php?rest_route=\/wp\/v2\/pages\/268","targetHints":{"allow":["GET"]}}],"collection":[{"href":"https:\/\/nathal-bern.ch\/index.php?rest_route=\/wp\/v2\/pages"}],"about":[{"href":"https:\/\/nathal-bern.ch\/index.php?rest_route=\/wp\/v2\/types\/page"}],"author":[{"embeddable":true,"href":"https:\/\/nathal-bern.ch\/index.php?rest_route=\/wp\/v2\/users\/1"}],"replies":[{"embeddable":true,"href":"https:\/\/nathal-bern.ch\/index.php?rest_route=%2Fwp%2Fv2%2Fcomments&post=268"}],"version-history":[{"count":17,"href":"https:\/\/nathal-bern.ch\/index.php?rest_route=\/wp\/v2\/pages\/268\/revisions"}],"predecessor-version":[{"id":1416,"href":"https:\/\/nathal-bern.ch\/index.php?rest_route=\/wp\/v2\/pages\/268\/revisions\/1416"}],"up":[{"embeddable":true,"href":"https:\/\/nathal-bern.ch\/index.php?rest_route=\/wp\/v2\/pages\/41"}],"wp:attachment":[{"href":"https:\/\/nathal-bern.ch\/index.php?rest_route=%2Fwp%2Fv2%2Fmedia&parent=268"}],"curies":[{"name":"wp","href":"https:\/\/api.w.org\/{rel}","templated":true}]}}

<h2><span style="color: #339966;"><strong>NATHAL®-Seminar </strong><strong>Burn-out und Burn-out Prophylaxe<br />
(5 Tage)</strong></span></h2>
<p>Bei Burn-out / körperlicher und psychischer Abgeschlagenheit und zur Vorbeugung:</p>
<p>Privat und beruflich Ursachen, die zum Ausbrennen führten oder führen könnten, erfahren und beheben. Krise als Chance sehen und nützen.</p>
<p>Sie erhalten individuell Einsichten und Hinweise zum Erarbeiten einer besseren Selbstfürsorge.</p>
<p>Sie finden einen neuen Bezug zu sich selber und erfahren, wie Sie mehr Selbstachtung empfinden und für sich effizienter einstehen können.</p>
<p>Sie lernen, die eigenen Kräfte sorgsamer einzusetzen und mit Stress gelassener umzugehen.</p>
<p>Sie erkennen, welche äusseren hinderlichen Einflüsse wie verändert werden müssen.</p>
<p>Sie werden befähigt, zu mehr Freude zu finden und die persönliche Motivation zu steigern.</p>
<p>Lernen Sie, die körperliche, psychische und geistige Leistungsfähigkeit wieder zu erlangen oder zu steigern.</p>
<p>5 Tage &#8211; Kosten: 1500.- Fr</p>
<section>Auf Anfrage (mindestens 1 Monat im voraus) ist ein <strong>direkter Einstieg</strong></section>
<section>(ohne Intensivseminar als Voraussetzung) möglich.</section>
<section>In diesem Falle werden den 5 regulären Tagen zwei Tage vorangestellt (Zusatzkosten: 600.- Fr).</section>
<p><img loading="lazy" decoding="async" class="wp-image-337 alignleft" src="https://nathal-bern.ch/wp-content/uploads/2018/10/IMG_9291-300x252.jpg" alt="" width="424" height="356" srcset="https://nathal-bern.ch/wp-content/uploads/2018/10/IMG_9291-300x252.jpg 300w, https://nathal-bern.ch/wp-content/uploads/2018/10/IMG_9291-768x646.jpg 768w, https://nathal-bern.ch/wp-content/uploads/2018/10/IMG_9291-1024x862.jpg 1024w, https://nathal-bern.ch/wp-content/uploads/2018/10/IMG_9291.jpg 1280w" sizes="auto, (max-width: 424px) 100vw, 424px" /><img loading="lazy" decoding="async" class="wp-image-338 alignright" src="https://nathal-bern.ch/wp-content/uploads/2018/10/IMG_7671-200x300.jpg" alt="" width="267" height="401" srcset="https://nathal-bern.ch/wp-content/uploads/2018/10/IMG_7671-200x300.jpg 200w, https://nathal-bern.ch/wp-content/uploads/2018/10/IMG_7671-768x1152.jpg 768w, https://nathal-bern.ch/wp-content/uploads/2018/10/IMG_7671-683x1024.jpg 683w" sizes="auto, (max-width: 267px) 100vw, 267px" /></p>

<p>NATHAL®-Seminar Burn-out und Burn-out Prophylaxe (5 Tage) Bei Burn-out / körperlicher und psychischer Abgeschlagenheit und zur Vorbeugung: Privat und beruflich[&#8230;]</p>
