{"id":53,"date":"2018-11-17T15:46:30","date_gmt":"2018-11-17T15:46:30","guid":{"rendered":"https:\/\/nathal-bern.ch\/?page_id=53"},"modified":"2026-01-16T12:32:25","modified_gmt":"2026-01-16T12:32:25","slug":"home","status":"publish","type":"page","link":"https:\/\/nathal-bern.ch\/","title":{"rendered":"Home"},"content":{"rendered":"<h1>Mentaltraining in Bern<\/h1>\r\n<h1 style=\"text-align: left;\"><span style=\"color: #339966;\">Willkommen bei www.nathal-bern.ch<\/span><\/h1>\r\n<h3 style=\"text-align: left;\"><span style=\"color: #339966;\"><strong>Agnes Berger Bertschinger <\/strong><\/span><\/h3>\r\n<p>\u00a0 \u00a0 \u00a0 \u00a0 lic. phil. Psychologin FSP\/VBP<br \/>\u00a0 \u00a0 \u00a0 \u00a0Lizenzierte NATHAL<sup>\u00ae\u00a0<\/sup>&#8211; Trainerin<br \/>\u00a0 \u00a0 \u00a0 \u00a0 \u00a0 \u00a0 \u00a0<a href=\"mailto:info@nathal-bern.ch\">info@nathal-bern.ch<\/a><\/p>\r\n<p><img loading=\"lazy\" decoding=\"async\" class=\"wp-image-1493 alignleft\" src=\"https:\/\/nathal-bern.ch\/wp-content\/uploads\/2026\/01\/IMG_8129-1-300x81.jpg\" alt=\"\" width=\"460\" height=\"124\" srcset=\"https:\/\/nathal-bern.ch\/wp-content\/uploads\/2026\/01\/IMG_8129-1-300x81.jpg 300w, https:\/\/nathal-bern.ch\/wp-content\/uploads\/2026\/01\/IMG_8129-1-1024x275.jpg 1024w, https:\/\/nathal-bern.ch\/wp-content\/uploads\/2026\/01\/IMG_8129-1-768x206.jpg 768w, https:\/\/nathal-bern.ch\/wp-content\/uploads\/2026\/01\/IMG_8129-1-1536x413.jpg 1536w, https:\/\/nathal-bern.ch\/wp-content\/uploads\/2026\/01\/IMG_8129-1.jpg 1786w\" sizes=\"auto, (max-width: 460px) 100vw, 460px\" \/><\/p>\r\n<h2><span style=\"color: #339966;\">NATHAL<sup>\u00ae<\/sup>&#8211; ein \u00dcbungs-Weg\u00a0<\/span><span style=\"color: #339966;\">zur Pers\u00f6nlichkeitsentwicklung<\/span><\/h2>\r\n<ul>\r\n<li>der den Zugang zu einer weisen inneren F\u00fchrung er\u00f6ffnet<\/li>\r\n<li>um negative Wirkungen vergangener Erlebnisse und<br \/>innere Blockaden aufzul\u00f6sen\u00a0<span style=\"font-size: 1.0625rem;\">und in bessere Energien zu finden<\/span><\/li>\r\n<li>welcher zu deutlich positiverem Wahrnehmen, Denken und F\u00fchlen<br \/>sowie zu stimmigen Intuitionen f\u00fchrt<\/li>\r\n<li>der individuell neue, f\u00f6rderliche Erfahrungen und deren Integration erzielt<\/li>\r\n<li>zu gr\u00f6sserer inneren Freiheit und leichterer Entscheidungsf\u00e4higkeit,<br \/>Zielgerichtetheit \u00a0<span style=\"font-size: 1.0625rem;\">sowie zu h\u00f6herer Bewusstheit<br \/>und ethisch begr\u00fcndetem Handeln ermutigt und bef\u00e4higt<\/span><\/li>\r\n<\/ul>\r\n<h2 style=\"text-align: left;\"><span style=\"color: #339966;\">NATHAL<sup>\u00ae<\/sup>&#8211; ein effizientes mentales Training<\/span><\/h2>\r\n<ul>\r\n<li style=\"text-align: left;\">zur Erweiterung von pers\u00f6nlichen Handlungsspielr\u00e4umen\u00a0<br \/><span style=\"font-size: 1.0625rem;\">durch gezielte F\u00f6rderung individueller F\u00e4higkeiten und M\u00f6glichkeiten<\/span><\/li>\r\n<li style=\"text-align: left;\"><span style=\"font-size: 1.0625rem;\">Perspektiven suchen und finden<\/span><\/li>\r\n<li>Entwicklung der emotionalen und spirituellen Intelligenz<\/li>\r\n<\/ul>\r\n<h2 style=\"text-align: left;\"><span style=\"color: #339966;\">NATHAL<sup>\u00ae<\/sup>&#8211; eine wissenschaftlich belegte <br \/><\/span><span style=\"color: #339966;\">Schulung der Intuition und Kreativit\u00e4t<\/span><\/h2>\r\n<ul>\r\n<li style=\"text-align: left;\">zur Erweiterung und Erg\u00e4nzung zu unserem rationalen Denken\u00a0<\/li>\r\n<li>als potente Alternative zu Empfinden und Handeln aus emotionaler Befangenheit und Abh\u00e4ngigkeit\u00a0<\/li>\r\n<li>zur effizienteren, ganzheitlicheren Nutzung unserer beiden Gehirnh\u00e4lften\u00a0<\/li>\r\n<li><span style=\"font-size: 1.0625rem;\">finden Sie innovative \u00a0Ideen und L\u00f6sungen im pers\u00f6nlichen und im beruflichen Bereich<\/span><\/li>\r\n<\/ul>\r\n<h3><strong>NATHAL<sup>\u00ae\u00a0<\/sup>nach Dr. Gertje Lathan &#8211;\u00a0die Originalmethode seit 1980<\/strong><\/h3>\r\n<p><img loading=\"lazy\" decoding=\"async\" class=\"wp-image-1494 aligncenter\" src=\"https:\/\/nathal-bern.ch\/wp-content\/uploads\/2026\/01\/IMG_8127-300x70.jpg\" alt=\"\" width=\"514\" height=\"120\" srcset=\"https:\/\/nathal-bern.ch\/wp-content\/uploads\/2026\/01\/IMG_8127-300x70.jpg 300w, https:\/\/nathal-bern.ch\/wp-content\/uploads\/2026\/01\/IMG_8127-1024x240.jpg 1024w, https:\/\/nathal-bern.ch\/wp-content\/uploads\/2026\/01\/IMG_8127-768x180.jpg 768w, https:\/\/nathal-bern.ch\/wp-content\/uploads\/2026\/01\/IMG_8127-1536x360.jpg 1536w, https:\/\/nathal-bern.ch\/wp-content\/uploads\/2026\/01\/IMG_8127.jpg 1907w\" sizes=\"auto, (max-width: 514px) 100vw, 514px\" \/><\/p>\r\n<h3>&#8212;&#8212;&#8212;&#8212;&#8212;&#8212;&#8212;&#8212;&#8212;&#8212;&#8212;&#8212;&#8212;&#8212;&#8212;&#8212;&#8212;&#8212;&#8212;&#8212;&#8212;&#8212;&#8212;&#8212;&#8212;&#8212;&#8212;&#8212;&#8212;&#8212;&#8212;&#8211;<\/h3>\r\n<h4><strong>Im September 2022 ist die Gr\u00fcnderin der NATHAL-Schulung, Gertje Lathan, definitiv \u00fcber die Schwelle in die geistige Welt gegangen. Ich bin sehr dankbar f\u00fcr das viele, das ich von ihr lernen und durch ihre Methode erfahren durfte.\u00a0Es ist mir eine grosse Ehre und Freude, NATHAL<sup>\u00ae\u00a0<\/sup>in ihrem Sinne weiter zu lehren und zu praktizieren. \u00a0<\/strong><\/h4>\r\n<div style=\"width: 840px;\" class=\"wp-video\"><video class=\"wp-video-shortcode\" id=\"video-53-1\" width=\"840\" height=\"473\" preload=\"metadata\" controls=\"controls\"><source type=\"video\/mp4\" src=\"https:\/\/nathal-bern.ch\/wp-content\/uploads\/2023\/01\/NathalMethode-Dank-an-Gertje.mp4?_=1\" \/><a href=\"https:\/\/nathal-bern.ch\/wp-content\/uploads\/2023\/01\/NathalMethode-Dank-an-Gertje.mp4\">https:\/\/nathal-bern.ch\/wp-content\/uploads\/2023\/01\/NathalMethode-Dank-an-Gertje.mp4<\/a><\/video><\/div>\r\n<p>Animation von Philippe Lathan in Auftrag gegeben und zur Verf\u00fcgung gestellt<\/p>\r\n<p>_________________________________________________________________________________<\/p>\r\n<p><img loading=\"lazy\" decoding=\"async\" class=\"wp-image-357 alignleft\" src=\"https:\/\/nathal-bern.ch\/wp-content\/uploads\/2018\/10\/DSCF6896-2-1-300x300.jpeg\" alt=\"\" width=\"621\" height=\"621\" srcset=\"https:\/\/nathal-bern.ch\/wp-content\/uploads\/2018\/10\/DSCF6896-2-1-300x300.jpeg 300w, https:\/\/nathal-bern.ch\/wp-content\/uploads\/2018\/10\/DSCF6896-2-1-150x150.jpeg 150w, https:\/\/nathal-bern.ch\/wp-content\/uploads\/2018\/10\/DSCF6896-2-1-768x768.jpeg 768w, https:\/\/nathal-bern.ch\/wp-content\/uploads\/2018\/10\/DSCF6896-2-1-1024x1024.jpeg 1024w\" sizes=\"auto, (max-width: 621px) 100vw, 621px\" \/><\/p>\r\n<p>&nbsp;<\/p>\r\n<p>&nbsp;<\/p>\r\n<p>&nbsp;<\/p>\r\n<p>&nbsp;<\/p>\r\n<p>&nbsp;<\/p>\r\n<p>&nbsp;<\/p>\r\n<p>&nbsp;<\/p>\r\n<p>&nbsp;<\/p>\r\n<p>&nbsp;<\/p>\r\n<p>&nbsp;<\/p>\r\n<p>&nbsp;<\/p>\r\n<p>&nbsp;<\/p>\r\n<p>&nbsp;<\/p>\r\n<p><span style=\"color: #339966;\">H\u00f6hen und Tiefen ergr\u00fcnden (Foto von Agnes Berger Bertschinger)<\/span><\/p>\r\n<p><img loading=\"lazy\" decoding=\"async\" class=\"wp-image-951 alignleft\" src=\"https:\/\/nathal-bern.ch\/wp-content\/uploads\/2020\/04\/IMG_3468-300x225.jpeg\" alt=\"\" width=\"619\" height=\"464\" srcset=\"https:\/\/nathal-bern.ch\/wp-content\/uploads\/2020\/04\/IMG_3468-300x225.jpeg 300w, https:\/\/nathal-bern.ch\/wp-content\/uploads\/2020\/04\/IMG_3468-1024x768.jpeg 1024w, https:\/\/nathal-bern.ch\/wp-content\/uploads\/2020\/04\/IMG_3468-768x576.jpeg 768w, https:\/\/nathal-bern.ch\/wp-content\/uploads\/2020\/04\/IMG_3468-1536x1152.jpeg 1536w, https:\/\/nathal-bern.ch\/wp-content\/uploads\/2020\/04\/IMG_3468-2048x1536.jpeg 2048w\" sizes=\"auto, (max-width: 619px) 100vw, 619px\" \/><\/p>\r\n<p>&nbsp;<\/p>\r\n<p>&nbsp;<\/p>\r\n<p>&nbsp;<\/p>\r\n<p>&nbsp;<\/p>\r\n<p>&nbsp;<\/p>\r\n<p>&nbsp;<\/p>\r\n<p>&nbsp;<\/p>\r\n<p>&nbsp;<\/p>\r\n<p>&nbsp;<\/p>\r\n<p>&nbsp;<\/p>\r\n<p><span style=\"color: #000000;\">Nathal synapses von Philippe Lathan<\/span><\/p>\r\n<p>____________________________________________________________________________________<\/p>\r\n<p>Hinweis:\u00a0Ich lege Wert auf eine m\u00f6glichst geschlechtsneutrale Sprache. Dies in l\u00e4ngeren Texten durchzuziehen erweist sich aber oft als schwierig. Um den Sprachfluss nicht zu unterbrechen benutze ich auf dieser Website deshalb abwechselnd manchmal nur die m\u00e4nnliche, manchmal nur die weibliche Form und schliesse implizit die andere Form mit ein. Bei w\u00f6rtlich kopierten Texten aus anderen Quellen belasse ich die Formulierung im Original.<\/p>\r\n","protected":false},"excerpt":{"rendered":"<p>Mentaltraining in Bern Willkommen bei www.nathal-bern.ch Agnes Berger Bertschinger \u00a0 \u00a0 \u00a0 \u00a0 lic. phil. Psychologin FSP\/VBP\u00a0 \u00a0 \u00a0 \u00a0Lizenzierte[&#8230;]<\/p>\n","protected":false},"author":1,"featured_media":0,"parent":0,"menu_order":0,"comment_status":"closed","ping_status":"closed","template":"","meta":{"_exactmetrics_skip_tracking":false,"_exactmetrics_sitenote_active":false,"_exactmetrics_sitenote_note":"","_exactmetrics_sitenote_category":0,"footnotes":""},"class_list":["post-53","page","type-page","status-publish","hentry"],"_links":{"self":[{"href":"https:\/\/nathal-bern.ch\/index.php?rest_route=\/wp\/v2\/pages\/53","targetHints":{"allow":["GET"]}}],"collection":[{"href":"https:\/\/nathal-bern.ch\/index.php?rest_route=\/wp\/v2\/pages"}],"about":[{"href":"https:\/\/nathal-bern.ch\/index.php?rest_route=\/wp\/v2\/types\/page"}],"author":[{"embeddable":true,"href":"https:\/\/nathal-bern.ch\/index.php?rest_route=\/wp\/v2\/users\/1"}],"replies":[{"embeddable":true,"href":"https:\/\/nathal-bern.ch\/index.php?rest_route=%2Fwp%2Fv2%2Fcomments&post=53"}],"version-history":[{"count":62,"href":"https:\/\/nathal-bern.ch\/index.php?rest_route=\/wp\/v2\/pages\/53\/revisions"}],"predecessor-version":[{"id":1496,"href":"https:\/\/nathal-bern.ch\/index.php?rest_route=\/wp\/v2\/pages\/53\/revisions\/1496"}],"wp:attachment":[{"href":"https:\/\/nathal-bern.ch\/index.php?rest_route=%2Fwp%2Fv2%2Fmedia&parent=53"}],"curies":[{"name":"wp","href":"https:\/\/api.w.org\/{rel}","templated":true}]}}

<h1>Mentaltraining in Bern</h1>
<h1 style="text-align: left;"><span style="color: #339966;">Willkommen bei www.nathal-bern.ch</span></h1>
<h3 style="text-align: left;"><span style="color: #339966;"><strong>Agnes Berger Bertschinger </strong></span></h3>
<p>        lic. phil. Psychologin FSP/VBP<br />       Lizenzierte NATHAL<sup>® </sup>&#8211; Trainerin<br />             <a href="mailto:info@nathal-bern.ch">info@nathal-bern.ch</a></p>
<p><img loading="lazy" decoding="async" class="wp-image-1493 alignleft" src="https://nathal-bern.ch/wp-content/uploads/2026/01/IMG_8129-1-300x81.jpg" alt="" width="460" height="124" srcset="https://nathal-bern.ch/wp-content/uploads/2026/01/IMG_8129-1-300x81.jpg 300w, https://nathal-bern.ch/wp-content/uploads/2026/01/IMG_8129-1-1024x275.jpg 1024w, https://nathal-bern.ch/wp-content/uploads/2026/01/IMG_8129-1-768x206.jpg 768w, https://nathal-bern.ch/wp-content/uploads/2026/01/IMG_8129-1-1536x413.jpg 1536w, https://nathal-bern.ch/wp-content/uploads/2026/01/IMG_8129-1.jpg 1786w" sizes="auto, (max-width: 460px) 100vw, 460px" /></p>
<h2><span style="color: #339966;">NATHAL<sup>®</sup>&#8211; ein Übungs-Weg </span><span style="color: #339966;">zur Persönlichkeitsentwicklung</span></h2>
<ul>
<li>der den Zugang zu einer weisen inneren Führung eröffnet</li>
<li>um negative Wirkungen vergangener Erlebnisse und<br />innere Blockaden aufzulösen <span style="font-size: 1.0625rem;">und in bessere Energien zu finden</span></li>
<li>welcher zu deutlich positiverem Wahrnehmen, Denken und Fühlen<br />sowie zu stimmigen Intuitionen führt</li>
<li>der individuell neue, förderliche Erfahrungen und deren Integration erzielt</li>
<li>zu grösserer inneren Freiheit und leichterer Entscheidungsfähigkeit,<br />Zielgerichtetheit  <span style="font-size: 1.0625rem;">sowie zu höherer Bewusstheit<br />und ethisch begründetem Handeln ermutigt und befähigt</span></li>
</ul>
<h2 style="text-align: left;"><span style="color: #339966;">NATHAL<sup>®</sup>&#8211; ein effizientes mentales Training</span></h2>
<ul>
<li style="text-align: left;">zur Erweiterung von persönlichen Handlungsspielräumen <br /><span style="font-size: 1.0625rem;">durch gezielte Förderung individueller Fähigkeiten und Möglichkeiten</span></li>
<li style="text-align: left;"><span style="font-size: 1.0625rem;">Perspektiven suchen und finden</span></li>
<li>Entwicklung der emotionalen und spirituellen Intelligenz</li>
</ul>
<h2 style="text-align: left;"><span style="color: #339966;">NATHAL<sup>®</sup>&#8211; eine wissenschaftlich belegte <br /></span><span style="color: #339966;">Schulung der Intuition und Kreativität</span></h2>
<ul>
<li style="text-align: left;">zur Erweiterung und Ergänzung zu unserem rationalen Denken </li>
<li>als potente Alternative zu Empfinden und Handeln aus emotionaler Befangenheit und Abhängigkeit </li>
<li>zur effizienteren, ganzheitlicheren Nutzung unserer beiden Gehirnhälften </li>
<li><span style="font-size: 1.0625rem;">finden Sie innovative  Ideen und Lösungen im persönlichen und im beruflichen Bereich</span></li>
</ul>
<h3><strong>NATHAL<sup>® </sup>nach Dr. Gertje Lathan &#8211; die Originalmethode seit 1980</strong></h3>
<p><img loading="lazy" decoding="async" class="wp-image-1494 aligncenter" src="https://nathal-bern.ch/wp-content/uploads/2026/01/IMG_8127-300x70.jpg" alt="" width="514" height="120" srcset="https://nathal-bern.ch/wp-content/uploads/2026/01/IMG_8127-300x70.jpg 300w, https://nathal-bern.ch/wp-content/uploads/2026/01/IMG_8127-1024x240.jpg 1024w, https://nathal-bern.ch/wp-content/uploads/2026/01/IMG_8127-768x180.jpg 768w, https://nathal-bern.ch/wp-content/uploads/2026/01/IMG_8127-1536x360.jpg 1536w, https://nathal-bern.ch/wp-content/uploads/2026/01/IMG_8127.jpg 1907w" sizes="auto, (max-width: 514px) 100vw, 514px" /></p>
<h3>&#8212;&#8212;&#8212;&#8212;&#8212;&#8212;&#8212;&#8212;&#8212;&#8212;&#8212;&#8212;&#8212;&#8212;&#8212;&#8212;&#8212;&#8212;&#8212;&#8212;&#8212;&#8212;&#8212;&#8212;&#8212;&#8212;&#8212;&#8212;&#8212;&#8212;&#8212;&#8211;</h3>
<h4><strong>Im September 2022 ist die Gründerin der NATHAL-Schulung, Gertje Lathan, definitiv über die Schwelle in die geistige Welt gegangen. Ich bin sehr dankbar für das viele, das ich von ihr lernen und durch ihre Methode erfahren durfte. Es ist mir eine grosse Ehre und Freude, NATHAL<sup>® </sup>in ihrem Sinne weiter zu lehren und zu praktizieren.  </strong></h4>
<div style="width: 840px;" class="wp-video"><video class="wp-video-shortcode" id="video-53-1" width="840" height="473" preload="metadata" controls="controls"><source type="video/mp4" src="https://nathal-bern.ch/wp-content/uploads/2023/01/NathalMethode-Dank-an-Gertje.mp4?_=1" /><a href="https://nathal-bern.ch/wp-content/uploads/2023/01/NathalMethode-Dank-an-Gertje.mp4">https://nathal-bern.ch/wp-content/uploads/2023/01/NathalMethode-Dank-an-Gertje.mp4</a></video></div>
<p>Animation von Philippe Lathan in Auftrag gegeben und zur Verfügung gestellt</p>
<p>_________________________________________________________________________________</p>
<p><img loading="lazy" decoding="async" class="wp-image-357 alignleft" src="https://nathal-bern.ch/wp-content/uploads/2018/10/DSCF6896-2-1-300x300.jpeg" alt="" width="621" height="621" srcset="https://nathal-bern.ch/wp-content/uploads/2018/10/DSCF6896-2-1-300x300.jpeg 300w, https://nathal-bern.ch/wp-content/uploads/2018/10/DSCF6896-2-1-150x150.jpeg 150w, https://nathal-bern.ch/wp-content/uploads/2018/10/DSCF6896-2-1-768x768.jpeg 768w, https://nathal-bern.ch/wp-content/uploads/2018/10/DSCF6896-2-1-1024x1024.jpeg 1024w" sizes="auto, (max-width: 621px) 100vw, 621px" /></p>
<p>&nbsp;</p>
<p>&nbsp;</p>
<p>&nbsp;</p>
<p>&nbsp;</p>
<p>&nbsp;</p>
<p>&nbsp;</p>
<p>&nbsp;</p>
<p>&nbsp;</p>
<p>&nbsp;</p>
<p>&nbsp;</p>
<p>&nbsp;</p>
<p>&nbsp;</p>
<p>&nbsp;</p>
<p><span style="color: #339966;">Höhen und Tiefen ergründen (Foto von Agnes Berger Bertschinger)</span></p>
<p><img loading="lazy" decoding="async" class="wp-image-951 alignleft" src="https://nathal-bern.ch/wp-content/uploads/2020/04/IMG_3468-300x225.jpeg" alt="" width="619" height="464" srcset="https://nathal-bern.ch/wp-content/uploads/2020/04/IMG_3468-300x225.jpeg 300w, https://nathal-bern.ch/wp-content/uploads/2020/04/IMG_3468-1024x768.jpeg 1024w, https://nathal-bern.ch/wp-content/uploads/2020/04/IMG_3468-768x576.jpeg 768w, https://nathal-bern.ch/wp-content/uploads/2020/04/IMG_3468-1536x1152.jpeg 1536w, https://nathal-bern.ch/wp-content/uploads/2020/04/IMG_3468-2048x1536.jpeg 2048w" sizes="auto, (max-width: 619px) 100vw, 619px" /></p>
<p>&nbsp;</p>
<p>&nbsp;</p>
<p>&nbsp;</p>
<p>&nbsp;</p>
<p>&nbsp;</p>
<p>&nbsp;</p>
<p>&nbsp;</p>
<p>&nbsp;</p>
<p>&nbsp;</p>
<p>&nbsp;</p>
<p><span style="color: #000000;">Nathal synapses von Philippe Lathan</span></p>
<p>____________________________________________________________________________________</p>
<p>Hinweis: Ich lege Wert auf eine möglichst geschlechtsneutrale Sprache. Dies in längeren Texten durchzuziehen erweist sich aber oft als schwierig. Um den Sprachfluss nicht zu unterbrechen benutze ich auf dieser Website deshalb abwechselnd manchmal nur die männliche, manchmal nur die weibliche Form und schliesse implizit die andere Form mit ein. Bei wörtlich kopierten Texten aus anderen Quellen belasse ich die Formulierung im Original.</p>
