{"id":870,"date":"2019-08-24T13:28:28","date_gmt":"2019-08-24T13:28:28","guid":{"rendered":"https:\/\/nathal-bern.ch\/?page_id=870"},"modified":"2024-10-23T14:37:17","modified_gmt":"2024-10-23T14:37:17","slug":"spezialseminar-elektrosmog-fuer-betroffene-und-zur-prophylaxe","status":"publish","type":"page","link":"https:\/\/nathal-bern.ch\/?page_id=870","title":{"rendered":"Spezialseminar Umwelteinfl\u00fcsse &#8211; Elektrosmog f\u00fcr Betroffene und zur Prophylaxe"},"content":{"rendered":"\r\n<h2 class=\"wp-block-heading\"><span style=\"color: #339966;\"><strong>NATHAL\u00ae-Seminar Umwelteinfl\u00fcsse &#8211; Elektrosmog I und II<\/strong><\/span><\/h2>\r\n\r\n\r\n\r\n<h2 class=\"wp-block-heading\"><span style=\"color: #339966;\"><strong>F\u00fcr Betroffene und zur Prophylaxe <\/strong><\/span><\/h2>\r\n<h3><span style=\"color: #339966;\"><strong>Teil 1: \u00a0 3 1\/2 Tage f\u00fcr Fortgeschrittene \u00a0&#8211; \u00a0f\u00fcr Neueinsteiger: vorg\u00e4ngig 1 1\/2 Tage<\/strong><\/span><\/h3>\r\n<h3><span style=\"color: #339966;\"><strong>Teil 2: 5 Tage<\/strong><\/span><\/h3>\r\n<p><span style=\"color: #000000;\">Elektrosmog-Empfindlichkeit und andere negative Umwelteinfl\u00fcsse k\u00f6nnen zu diversen Symptomen wie M\u00fcdigkeit, Konzentrationsproblemen, k\u00f6rperlichen Missempfindungen u.a.m. f\u00fchren.<\/span><\/p>\r\n<p><span style=\"color: #000000;\">\r\n\r\n<\/span><\/p>\r\n<p><span style=\"color: #000000;\">Durch das Ein\u00fcben verst\u00e4rkten positiven Empfindens und einer Immunisierung der Zellen kann eine neue Ausgeglichenheit, eine st\u00e4rkere Unempfindlichkeit gegen\u00fcber Ausseneinfl\u00fcssen sowie eine erh\u00f6hte Belastbarkeit erwirkt werden.<\/span><\/p>\r\n<p><span style=\"color: #000000;\">\r\n\r\n<\/span><\/p>\r\n<p><span style=\"color: #000000;\">Block I: 5 Tage \u2013 Kosten 1500.- Fr<br \/><\/span><span style=\"color: #000000;\">\u00a0 \u00a0 \u00a0 \u00a0 \u00a0 \u00a0 \u00a0 \u00a03 \u00bd Tage \u2013 Kosten 1050.- Fr<\/span><\/p>\r\n<p><span style=\"color: #000000;\">Block II: 5 Tage \u2013 Kosten 1500.- Fr<\/span><\/p>\r\n<p><img loading=\"lazy\" decoding=\"async\" class=\"alignnone  wp-image-891\" src=\"https:\/\/nathal-bern.ch\/wp-content\/uploads\/2019\/08\/IMG_4044-300x287.jpeg\" alt=\"\" width=\"610\" height=\"583\" srcset=\"https:\/\/nathal-bern.ch\/wp-content\/uploads\/2019\/08\/IMG_4044-300x287.jpeg 300w, https:\/\/nathal-bern.ch\/wp-content\/uploads\/2019\/08\/IMG_4044-768x735.jpeg 768w, https:\/\/nathal-bern.ch\/wp-content\/uploads\/2019\/08\/IMG_4044-1024x980.jpeg 1024w, https:\/\/nathal-bern.ch\/wp-content\/uploads\/2019\/08\/IMG_4044.jpeg 1499w\" sizes=\"auto, (max-width: 610px) 100vw, 610px\" \/><\/p>\r\n<p>&nbsp;<\/p>\r\n","protected":false},"excerpt":{"rendered":"<p>NATHAL\u00ae-Seminar Umwelteinfl\u00fcsse &#8211; Elektrosmog I und II F\u00fcr Betroffene und zur Prophylaxe Teil 1: \u00a0 3 1\/2 Tage f\u00fcr Fortgeschrittene[&#8230;]<\/p>\n","protected":false},"author":1,"featured_media":0,"parent":41,"menu_order":0,"comment_status":"closed","ping_status":"closed","template":"","meta":{"_exactmetrics_skip_tracking":false,"_exactmetrics_sitenote_active":false,"_exactmetrics_sitenote_note":"","_exactmetrics_sitenote_category":0,"footnotes":""},"class_list":["post-870","page","type-page","status-publish","hentry"],"_links":{"self":[{"href":"https:\/\/nathal-bern.ch\/index.php?rest_route=\/wp\/v2\/pages\/870","targetHints":{"allow":["GET"]}}],"collection":[{"href":"https:\/\/nathal-bern.ch\/index.php?rest_route=\/wp\/v2\/pages"}],"about":[{"href":"https:\/\/nathal-bern.ch\/index.php?rest_route=\/wp\/v2\/types\/page"}],"author":[{"embeddable":true,"href":"https:\/\/nathal-bern.ch\/index.php?rest_route=\/wp\/v2\/users\/1"}],"replies":[{"embeddable":true,"href":"https:\/\/nathal-bern.ch\/index.php?rest_route=%2Fwp%2Fv2%2Fcomments&post=870"}],"version-history":[{"count":13,"href":"https:\/\/nathal-bern.ch\/index.php?rest_route=\/wp\/v2\/pages\/870\/revisions"}],"predecessor-version":[{"id":1439,"href":"https:\/\/nathal-bern.ch\/index.php?rest_route=\/wp\/v2\/pages\/870\/revisions\/1439"}],"up":[{"embeddable":true,"href":"https:\/\/nathal-bern.ch\/index.php?rest_route=\/wp\/v2\/pages\/41"}],"wp:attachment":[{"href":"https:\/\/nathal-bern.ch\/index.php?rest_route=%2Fwp%2Fv2%2Fmedia&parent=870"}],"curies":[{"name":"wp","href":"https:\/\/api.w.org\/{rel}","templated":true}]}}

Spezialseminar Umwelteinflüsse &#8211; Elektrosmog für Betroffene und zur Prophylaxe

<h2 class="wp-block-heading"><span style="color: #339966;"><strong>NATHAL®-Seminar Umwelteinflüsse &#8211; Elektrosmog I und II</strong></span></h2>



<h2 class="wp-block-heading"><span style="color: #339966;"><strong>Für Betroffene und zur Prophylaxe </strong></span></h2>
<h3><span style="color: #339966;"><strong>Teil 1:   3 1/2 Tage für Fortgeschrittene  &#8211;  für Neueinsteiger: vorgängig 1 1/2 Tage</strong></span></h3>
<h3><span style="color: #339966;"><strong>Teil 2: 5 Tage</strong></span></h3>
<p><span style="color: #000000;">Elektrosmog-Empfindlichkeit und andere negative Umwelteinflüsse können zu diversen Symptomen wie Müdigkeit, Konzentrationsproblemen, körperlichen Missempfindungen u.a.m. führen.</span></p>
<p><span style="color: #000000;">

</span></p>
<p><span style="color: #000000;">Durch das Einüben verstärkten positiven Empfindens und einer Immunisierung der Zellen kann eine neue Ausgeglichenheit, eine stärkere Unempfindlichkeit gegenüber Ausseneinflüssen sowie eine erhöhte Belastbarkeit erwirkt werden.</span></p>
<p><span style="color: #000000;">

</span></p>
<p><span style="color: #000000;">Block I: 5 Tage – Kosten 1500.- Fr<br /></span><span style="color: #000000;">               3 ½ Tage – Kosten 1050.- Fr</span></p>
<p><span style="color: #000000;">Block II: 5 Tage – Kosten 1500.- Fr</span></p>
<p><img loading="lazy" decoding="async" class="alignnone  wp-image-891" src="https://nathal-bern.ch/wp-content/uploads/2019/08/IMG_4044-300x287.jpeg" alt="" width="610" height="583" srcset="https://nathal-bern.ch/wp-content/uploads/2019/08/IMG_4044-300x287.jpeg 300w, https://nathal-bern.ch/wp-content/uploads/2019/08/IMG_4044-768x735.jpeg 768w, https://nathal-bern.ch/wp-content/uploads/2019/08/IMG_4044-1024x980.jpeg 1024w, https://nathal-bern.ch/wp-content/uploads/2019/08/IMG_4044.jpeg 1499w" sizes="auto, (max-width: 610px) 100vw, 610px" /></p>
<p>&nbsp;</p>

<p>NATHAL®-Seminar Umwelteinflüsse &#8211; Elektrosmog I und II Für Betroffene und zur Prophylaxe Teil 1:   3 1/2 Tage für Fortgeschrittene[&#8230;]</p>
